2
16
What is 0 (base 15) in base 9?
0
What is -80 (base 9) in base 4?
-1020
What is -77 (base 8) in base 7?
-120
What is 4 (base 7) in base 6?
4
What is 18 (base 10) in base 12?
16
What is 0 (base 14) in base 15?
0
What is 2 (base 9) in base 15?
2
Convert -9 (base 10) to base 2.
-1001
What is -2 (base 10) in base 14?
-2
0 (base 10) to base 13
0
218 (base 9) to base 14
cb
What is 10 (base 8) in base 3?
22
12 (base 16) to base 3
200
Convert 4 (base 7) to base 13.
4
Convert -101 (base 3) to base 6.
-14
Convert 0 (base 6) to base 7.
0
What is -26 (base 15) in base 2?
-100100
What is 1b (base 12) in base 15?
18
51 (base 14) to base 2
1000111
What is 126 (base 7) in base 10?
69
What is 2 (base 13) in base 7?
2
What is -120 (base 9) in base 15?
-69
-1 (base 15) to base 7
-1
What is 35 (base 15) in base 2?
110010
What is 1 (base 13) in base 16?
1
What is 5 (base 8) in base 2?
101
What is -4 (base 5) in base 3?
-11
Convert 115 (base 9) to base 13.
74
What is -2 (base 5) in base 6?
-2
What is -11 (base 5) in base 14?
-6
What is 220 (base 3) in base 6?
40
What is -362 (base 8) in base 7?
-464
6 (base 14) to base 5
11
What is -100011 (base 2) in base 8?
-43
85 (base 10) to base 13
67
Convert 22 (base 5) to base 15.
c
What is -11 (base 2) in base 8?
-3
What is 6 (base 9) in base 12?
6
Convert 16 (base 13) to base 11.
18
What is -57 (base 13) in base 8?
-110
What is 52 (base 7) in base 16?
25
What is -2c (base 15) in base 13?
-33
Convert -1 (base 11) to base 12.
-1
-7 (base 12) to base 8
-7
What is 8 (base 16) in base 6?
12
-f (base 16) to base 11
-14
What is -25 (base 14) in base 16?
-21
150 (base 9) to base 4
1332
Convert 110001 (base 2) to base 7.
100
Convert -23 (base 10) to base 6.
-35
Convert 21 (base 5) to base 3.
102
Convert 8 (base 10) to base 5.
13
What is 6 (base 13) in base 9?
6
-1 (base 6) to base 5
-1
-1 (base 7) to base 14
-1
What is -43 (base 16) in base 15?
-47
What is -86 (base 15) in base 2?
-1111110
Convert 2 (base 10) to base 5.
2
Convert 1000 (base 2) to base 4.
20
What is -1 (base 8) in base 10?
-1
Convert -6 (base 15) to base 14.
-6
2 (base 11) to base 5
2
-e3 (base 15) to base 6
-553
Convert -d (base 16) to base 8.
-15
What is -1133 (base 4) in base 16?
-5f
10 (base 7) to base 6
11
Convert -132 (base 7) to base 6.
-200
What is -10 (base 3) in base 9?
-3
What is -3 (base 12) in base 6?
-3
-3 (base 8) to base 4
-3
What is -1 (base 5) in base 10?
-1
-414 (base 5) to base 7
-214
Convert 62 (base 9) to base 10.
56
What is 33 (base 6) in base 10?
21
What is 1 (base 2) in base 14?
1
21 (base 5) to base 14
b
Convert -7 (base 14) to base 6.
-11
3a (base 13) to base 5
144
-130 (base 7) to base 12
-5a
Convert 0 (base 8) to base 3.
0
Convert -120 (base 3) to base 5.
-30
313 (base 6) to base 4
1311
What is -1323 (base 4) in base 15?
-83
-3 (base 7) to base 11
-3
What is 31 (base 4) in base 8?
15
Convert -62 (base 9) to base 15.
-3b
Convert 14 (base 6) to base 5.
20
Convert 57 (base 15) to base 6.
214
What is -7 (base 12) in base 9?
-7
Convert -143 (base 9) to base 13.
-93
What is 31 (base 15) in base 10?
46
223 (base 6) to base 4
1113
-3 (base 4) to base 10
-3
43 (base 5) to base 15
18
-1001 (base 2) to base 3
-100
Convert -21 (base 5) to base 12.
-b
Convert a8 (base 12) to base 11.
107
2 (base 16) to base 15
2
Convert -246 (base 9) to base 12.
-150
Convert 2 (base 3) to base 8.
2
What is -2 (base 5) in base 7?
-2
-3 (base 6) to base 4
-3
54 (base 15) to base 10
79
Convert 2 (base 14) to base 10.
2
What is 100111 (base 2) in base 14?
2b
What is -ca (base 15) in base 16?
-be
What is 362 (base 10) in base 5?
2422
What is 6 (base 9) in base 16?
6
Convert 14a (base 12) to base 16.
ca
Convert -4b (base 15) to base 13.
-56
3 (base 9) to base 3
10
Convert 2 (base 10) to base 3.
2
121 (base 5) to base 6
100
Convert 2 (base 13) to base 6.
2
What is -21 (base 7) in base 11?
-14
Convert 11000 (base 3) to base 9.
130
What is 67 (base 9) in base 6?
141
Convert 11 (base 5) to base 8.
6
What is -4 (base 11) in base 12?
-4
Convert -3021 (base 4) to base 7.
-405
-66 (base 8) to base 5
-204
-10 (base 9) to base 11
-9
7 (base 13) to base 14
7
Convert 4 (base 12) to base 5.
4
Convert -5 (base 11) to base 12.
-5
What is -2 (base 7) in base 3?
-2
What is -212 (base 4) in base 2?
-100110
Convert -22 (base 7) to base 10.
-16
12 (base 6) to base 8
10
What is -b (base 13) in base 2?
-1011
0 (base 10) to base 15
0
-174 (base 12) to base 13
-14b
What is -2 (base 3) in base 8?
-2
-100 (base 2) to base 4
-10
What is 112 (base 4) in base 6?
34
2 (base 3) to base 2
10
-13 (base 16) to base 8
-23
-1352 (base 6) to base 13
-215
Convert 18 (base 16) to base 8.
30
Convert -1 (base 9) to base 6.
-1
Convert -3 (base 8) to base 9.
-3
What is 11 (base 3) in base 13?
4
Convert -163 (base 7) to base 11.
-86
What is -9 (base 13) in base 5?
-14
What is -30 (base 15) in base 13?
-36
Convert 24 (base 8) to base 7.
26
Convert 11203 (base 4) to base 15.
18a
What is -3 (base 8) in base 4?
-3
-3b (base 15) to base 11
-51
1001 (base 2) to base 11
9
-11 (base 15) to base 14
-12
What is 1 (base 9) in base 2?
1
What is -6 (base 7) in base 8?
-6
-4 (base 9) to base 3
-11
Convert -1 (base 3) to base 5.
-1
Convert 215 (base 12) to base 5.
2210
2d (base 15) to base 5
133
Convert 231 (base 7) to base 9.
143
-1002 (base 3) to base 15
-1e
Convert 58 (base 10) to base 12.
4a
-10000 (base 2) to base 14
-12
Convert -3f (base 16) to base 14.
-47
Convert -7 (base 10) to base 5.
-12
What is -26 (base 16) in base 2?
-100110
What is -10010101 (base 2) in base 3?
-12112
Convert 1 (base 12) to base 8.
1
What is 26 (base 9) in base 12?
20
-9 (base 15) to base 4
-21
What is 101011010 (base 2) in base 13?
208
-10212 (base 3) to base 4
-1220
What is -11011 (base 2) in base 11?
-25
What is 0 (base 16) in base 3?
0
Convert 3 (base 15) to base 7.
3
What is 31 (base 14) in base 13?
34
Convert 107 (base 8) to base 5.
241
-168 (base 9) to base 13
-b0
What is -365 (base 7) in base 2?
-11000010
Convert 2 (base 3) to base 12.
2
Convert 2 (base 12) to base 13.
2
-6 (base 15) to base 8
-6
What is 164 (base 7) in base 15?
65
Convert 14 (base 16) to base 7.
26
What is -36 (base 14) in base 3?
-1210
What is -11 (base 3) in base 9?
-4
2 (base 11) to base 6
2
-100 (base 2) to base 9
-4
-10 (base 7) to base 11
-7
Convert -a (base 16) to base 2.
-1010
Convert 4 (base 12) to base 13.
4
0 (base 9) to base 15
0
Convert 1023 (base 6) to base 9.
276
10 (base 5) to base 2
101
What is 3 (base 8) in base 4?
3
-10 (base 3) to base 4
-3
34 (base 5) to base 9
21
304 (base 5) to base 14
59
35 (base 6) to base 13
1a
What is 6 (base 15) in base 6?
10
Convert 3 (base 15) to base 2.
11
What is -14 (base 9) in base 4?
-31
What is 2 (base 7) in base 2?
10
Convert 14 (base 14) to base 2.
10010
Convert 4 (base 16) to base 11.
4
Convert 6 (base 12) to base 16.
6
What is -100001 (base 2) in base 4?
-201
Convert 5b (base 16) to base 7.
160
-41 (base 9) to base 8
-45
What is 1 (base 5) in base 9?
1
-33 (base 4) to base 2
-1111
Convert 74 (base 12) to base 14.
64
Convert -18 (base 10) to base 7.
-24
What is 33 (base 5) in base 12?
16
-4 (base 9) to base 7
-4
What is -1 (base 3) in base 7?
-1
What is 2341 (base 5) in base 14?
1aa
Convert b (base 16) to base 5.
21
Convert 1e (base 15) to base 14.
21
Convert -4 (base 6) to base 16.
-4
What is 313 (base 4) in base 2?
110111
121 (base 5) to base 8
44
-1 (base 5) to base 11
-1
Convert 0 (base 5) to base 9.
0
Convert -1 (base 4) to base 16.
-1
What is -10 (base 2) in base 15?
-2
103 (base 7) to base 16
34
What is -14 (base 6) in base 13?
-a
-36 (base 14) to base 11
-44
2 (base 16) to base 8
2
What is -13 (base 4) in base 3?
-21
-1 (base 10) to base 4
-1
What is -3 (base 6) in base 13?
-3
Convert 7 (base 16) to base 2.
111
What is 453 (base 7) in base 2?
11101010
What is -212 (base 5) in base 16?
-39
What is -4 (base 11) in base 12?
-4
-8 (base 11) to base 9
-8
What is -11000011 (base 2) in base 9?
-236
What is 2 (base 11) in base 8?
2
What is 5 (base 10) in base 9?
5
Convert -500 (base 6) to base 4.
-2310
102 (base 3) to base 6
15
-31 (base 6) to base 2
-10011
What is -1 (base 9) in base 14?
-1
0 (base 13) to base 11
0
-11 (base 11) to base 4
-30
What is -12 (base 11) in base 8?
-15
What is 46 (base 14) in base 4